nd 897.
69
Calculate the highest common factor of 4816 and 1200388.
1204
What is the highest common factor of 10305 and 185?
5
What is the highest common factor of 598752 and 36?
36
What is the greatest common factor of 1378138 and 87?
29
Calculate the highest common divisor of 2316392 and 104.
104
Calculate the greatest common divisor of 2112 and 10252.
44
Calculate the highest common factor of 5910 and 5070.
30
What is the greatest common factor of 2272 and 50978?
142
What is the greatest common factor of 136 and 312341?
17
What is the greatest common factor of 3425 and 12475?
25
Calculate the highest common factor of 416 and 563472.
208
Calculate the highest common factor of 99 and 45.
9
What is the greatest common factor of 10970 and 20?
10
What is the highest common factor of 162 and 812187?
81
Calculate the greatest common divisor of 105 and 4410735.
105
What is the greatest common divisor of 142 and 21726?
142
Calculate the greatest common factor of 460 and 117576.
92
What is the greatest common divisor of 8515 and 5240?
655
What is the highest common divisor of 1443 and 4598841?
1443
Calculate the greatest common factor of 952 and 3451.
119
What is the greatest common factor of 7910 and 210?
70
What is the highest common divisor of 456 and 30024?
24
What is the greatest common factor of 28969 and 62357?
491
What is the greatest common factor of 30303 and 136773?
819
What is the greatest common factor of 342 and 46569?
57
What is the highest common factor of 2726886 and 1074?
1074
What is the highest common divisor of 12502 and 161?
7
Calculate the greatest common divisor of 50082 and 714.
102
Calculate the greatest common factor of 250 and 48550.
50
Calculate the highest common divisor of 112981 and 22.
11
What is the greatest common divisor of 1872 and 4982328?
936
What is the greatest common factor of 3026272 and 544?
544
What is the greatest common factor of 746141 and 319?
319
What is the highest common divisor of 40 and 507440?
40
What is the highest common factor of 266 and 94734?
38
What is the highest common factor of 2004 and 348?
12
What is the highest common divisor of 607551 and 2940?
147
Calculate the highest common divisor of 485632 and 42.
14
Calculate the highest common divisor of 16 and 1373.
1
Calculate the greatest common factor of 1184401 and 447.
149
What is the highest common factor of 76230 and 140?
70
What is the greatest common divisor of 341263 and 13?
13
Calculate the greatest common factor of 44 and 22.
22
What is the greatest common divisor of 1850 and 512?
2
Calculate the highest common divisor of 173622 and 1140.
114
Calculate the highest common divisor of 735 and 5635.
245
What is the greatest common divisor of 20 and 9994790?
10
What is the greatest common divisor of 574 and 628?
2
Calculate the greatest common divisor of 153250 and 250.
250
Calculate the highest common factor of 2582 and 6755803.
1291
Calculate the greatest common divisor of 187 and 1875610.
187
Calculate the highest common divisor of 14644 and 3836.
28
Calculate the greatest common factor of 381076 and 188.
188
Calculate the greatest common divisor of 22608 and 12.
12
Calculate the greatest common factor of 213 and 93578.
71
Calculate the highest common factor of 38 and 935750.
38
What is the greatest common factor of 10117 and 22981?
67
What is the highest common divisor of 287 and 32144?
287
Calculate the highest common divisor of 8 and 90504.
8
Calculate the highest common divisor of 2550 and 2850.
150
Calculate the greatest common divisor of 728 and 1512.
56
What is the highest common divisor of 15128 and 26164?
124
What is the highest common factor of 400980 and 90?
30
What is the greatest common divisor of 44446 and 426?
142
Calculate the greatest common divisor of 69 and 4009521.
69
What is the greatest common factor of 528 and 270?
6
What is the greatest common divisor of 1312 and 221344?
32
Calculate the highest common divisor of 2291 and 725.
29
Calculate the greatest common factor of 7 and 647689.
7
What is the greatest common divisor of 20397 and 45357?
39
Calculate the greatest common divisor of 485 and 1155.
5
What is the highest common divisor of 1571 and 5?
1
What is the greatest common factor of 5053244 and 4?
4
What is the greatest common divisor of 43 and 155101?
43
Calculate the highest common factor of 124 and 22723.
31
Calculate the greatest common factor of 51277 and 94.
47
What is the highest common divisor of 10773 and 17385?
57
What is the greatest common divisor of 22714 and 164?
82
Calculate the greatest common factor of 4466 and 3828.
638
What is the greatest common divisor of 11382 and 9611?
7
Calculate the greatest common divisor of 65 and 33059.
13
Calculate the greatest common divisor of 3190 and 4345.
55
Calculate the greatest common divisor of 888090 and 75.
15
Calculate the highest common divisor of 23312 and 4418.
94
What is the highest common divisor of 221 and 7111?
13
What is the highest common factor of 2869 and 551?
19
Calculate the greatest common divisor of 232231 and 439.
439
Calculate the greatest common divisor of 286638 and 258.
258
Calculate the highest common factor of 1388783 and 11.
11
What is the highest common divisor of 130691 and 22?
11
Calculate the greatest common divisor of 326 and 212878.
326
Calculate the highest common divisor of 136 and 48536.
8
Calculate the greatest common factor of 3663 and 377157.
33
What is the highest common divisor of 858 and 50336?
286
What is the greatest common divisor of 72696 and 234?
78
Calculate the greatest common factor of 5 and 50737.
1
Calculate the greatest common factor of 2951 and 23504.
13
What is the highest common divisor of 1027824 and 644?
644
Calculate the highest common factor of 48027 and 21.
21
What is the highest common divisor of 2376 and 17469?
27
What is the greatest common factor of 29920 and 24820?
340
What is the highest common factor of 2700 and 3100?
100
Calculate the highest common factor of 348 and 120872.
116
Calculate the highest common factor of 49 and 7693.
49
Calculate the greatest common divisor of 649495 and 11.
11
What is the greatest common factor of 1024 and 29688?
8
Calculate the highest common divisor of 1839 and 1096657.
613
Calculate the greatest common divisor of 339152 and 4059.
451
What is the highest common factor of 6 and 9599862?
6
Calculate the greatest common divisor of 1413984 and 32.
32
Calculate the greatest common factor of 35010 and 12448.
778
What is the highest common factor of 14988 and 18?
6
What is the greatest common factor of 1782 and 187?
11
Calculate the greatest common factor of 709150 and 1950.
650
Calculate the highest common divisor of 62685 and 189.
63
What is the greatest common divisor of 12223406 and 26?
26
Calculate the highest common divisor of 56 and 30450.
14
What is the greatest common factor of 1246 and 1204?
14
Calculate the greatest common factor of 23825 and 425.
25
Calculate the highest common factor of 24956 and 2533.
17
Calculate the highest common divisor of 2976 and 8640.
96
What is the highest common factor of 80 and 397720?
40
What is the highest common factor of 36595 and 1826935?
2815
Calculate the highest common divisor of 1740 and 186.
6
What is the greatest common divisor of 46061 and 1?
1
What is the greatest common factor of 19090 and 870?
10
Calculate the greatest common divisor of 182373 and 636.
159
What is the greatest common factor of 53397 and 99?
9
Calculate the greatest common factor of 1269 and 2727.
27
What is the highest common factor of 82860 and 555?
15
Calculate the greatest common factor of 5254 and 60563.
71
What is the highest common divisor of 499 and 28?
1
What is the highest common divisor of 110 and 32428?
22
Calculate the greatest common divisor of 691918 and 12492.
694
What is the highest common divisor of 19 and 6677683?
19
Calculate the greatest common divisor of 358584 and 134.
134
Calculate the greatest common factor of 12501 and 135.
27
What is the highest common divisor of 8575 and 343?
343
What is the greatest common factor of 498193 and 6419?
131
Calculate the highest common divisor of 483 and 100625.
161
Calculate the highest common factor of 1170220 and 520.
20
Calculate the highest common divisor of 425019 and 1